{"id":7598,"date":"2026-02-11T19:29:24","date_gmt":"2026-02-11T19:29:24","guid":{"rendered":"https:\/\/mcipropiedades.com.ar\/propiedades\/?post_type=product&#038;p=7598"},"modified":"2026-04-09T19:01:36","modified_gmt":"2026-04-09T19:01:36","slug":"2-av-corrientes-2063-7-barrio-congreso","status":"publish","type":"product","link":"https:\/\/mcipropiedades.com.ar\/propiedades\/producto\/2-av-corrientes-2063-7-barrio-congreso\/","title":{"rendered":"2 AV CORRIENTES 2063 7 (BARRIO: CONGRESO)"},"content":{"rendered":"<p>Departamento de 40 m\u00b2 de superficie total y cubierta, distribuido en un dormitorio y un ba\u00f1o. El espacio principal cuenta con pisos de madera y ventanales que permiten la entrada de luz natural. El dormitorio dispone de armario empotrado con puertas y estantes, brindando opciones de almacenamiento. El ba\u00f1o est\u00e1 equipado con ba\u00f1era, lavamanos, inodoro y bidet, y presenta revestimiento cer\u00e1mico en las paredes. La cocina incluye una cocina a gas, mesada y estantes abiertos, con ventilaci\u00f3n natural a trav\u00e9s de una ventana. El departamento ofrece ambientes definidos y funcionales, adecuados para quienes buscan una opci\u00f3n compacta y pr\u00e1ctica.<\/p>\n","protected":false},"excerpt":{"rendered":"<p>Departamento de 40 m\u00b2 de superficie total y cubierta, distribuido en un dormitorio y un ba\u00f1o. El espacio principal cuenta con pisos de madera y ventanales que permiten la entrada de luz natural. El dormitorio dispone de armario empotrado con puertas y estantes, brindando opciones de almacenamiento. El ba\u00f1o est\u00e1 equipado con ba\u00f1era, lavamanos, inodoro [&hellip;]<\/p>\n","protected":false},"featured_media":7599,"template":"","meta":[],"product_brand":[],"product_cat":[39,16,18],"product_tag":[],"class_list":{"0":"post-7598","1":"product","2":"type-product","3":"status-publish","4":"has-post-thumbnail","6":"product_cat-2-ambientes","7":"product_cat-alquiler","8":"product_cat-departamentos","10":"first","11":"instock","12":"shipping-taxable","13":"purchasable","14":"product-type-simple"},"_links":{"self":[{"href":"https:\/\/mcipropiedades.com.ar\/propiedades\/wp-json\/wp\/v2\/product\/7598","targetHints":{"allow":["GET"]}}],"collection":[{"href":"https:\/\/mcipropiedades.com.ar\/propiedades\/wp-json\/wp\/v2\/product"}],"about":[{"href":"https:\/\/mcipropiedades.com.ar\/propiedades\/wp-json\/wp\/v2\/types\/product"}],"wp:featuredmedia":[{"embeddable":true,"href":"https:\/\/mcipropiedades.com.ar\/propiedades\/wp-json\/wp\/v2\/media\/7599"}],"wp:attachment":[{"href":"https:\/\/mcipropiedades.com.ar\/propiedades\/wp-json\/wp\/v2\/media?parent=7598"}],"wp:term":[{"taxonomy":"product_brand","embeddable":true,"href":"https:\/\/mcipropiedades.com.ar\/propiedades\/wp-json\/wp\/v2\/product_brand?post=7598"},{"taxonomy":"product_cat","embeddable":true,"href":"https:\/\/mcipropiedades.com.ar\/propiedades\/wp-json\/wp\/v2\/product_cat?post=7598"},{"taxonomy":"product_tag","embeddable":true,"href":"https:\/\/mcipropiedades.com.ar\/propiedades\/wp-json\/wp\/v2\/product_tag?post=7598"}],"curies":[{"name":"wp","href":"https:\/\/api.w.org\/{rel}","templated":true}]}}