{"id":7609,"date":"2026-02-12T17:13:03","date_gmt":"2026-02-12T17:13:03","guid":{"rendered":"https:\/\/mcipropiedades.com.ar\/propiedades\/?post_type=product&#038;p=7609"},"modified":"2026-02-12T17:13:14","modified_gmt":"2026-02-12T17:13:14","slug":"3-amb-c-dep-gral-peron-2231-barrio-balvanera","status":"publish","type":"product","link":"https:\/\/mcipropiedades.com.ar\/propiedades\/producto\/3-amb-c-dep-gral-peron-2231-barrio-balvanera\/","title":{"rendered":"3 AMB C\/DEP GRAL PERON 2231 (BARRIO: BALVANERA)"},"content":{"rendered":"<p>3 AMB C\/DEP GRAL PERON 2231 (BARRIO: BALVANERA), 65 MTS, AL FRENE CON BALCON. Distribuida en dos dormitorios y un ba\u00f1o (cuenta con otro toilette en desuso. Ubicado en un edificio de varios pisos, ofrece un ambiente principal con acceso a un balc\u00f3n que permite vistas a la ciudad y aporta ventilaci\u00f3n al espacio. Los pisos de madera se encuentran presentes en los ambientes principales, mientras que el ba\u00f1o est\u00e1 revestido en cer\u00e1micos y dispone de ba\u00f1era, lavamanos, bidet y ventana al exterior. La cocina est\u00e1 equipada con muebles bajo mesada, alacena y cocina a gas, adem\u00e1s de una ventana que proporciona iluminaci\u00f3n natural. El departamento incluye un \u00e1rea de lavadero independiente, con espacio para lavarropas y pileta de lavado. Los dormitorios cuentan con placares empotrados y ventanas al exterior. El edificio dispone de un hall de entrada amplio y \u00e1reas comunes.<\/p>\n","protected":false},"excerpt":{"rendered":"<p>3 AMB C\/DEP GRAL PERON 2231 (BARRIO: BALVANERA), 65 MTS, AL FRENE CON BALCON. Distribuida en dos dormitorios y un ba\u00f1o (cuenta con otro toilette en desuso. Ubicado en un edificio de varios pisos, ofrece un ambiente principal con acceso a un balc\u00f3n que permite vistas a la ciudad y aporta ventilaci\u00f3n al espacio. Los [&hellip;]<\/p>\n","protected":false},"featured_media":7613,"template":"","meta":[],"product_brand":[],"product_cat":[55,17],"product_tag":[],"class_list":{"0":"post-7609","1":"product","2":"type-product","3":"status-publish","4":"has-post-thumbnail","6":"product_cat-3-ambientes-casas-venta","7":"product_cat-venta","9":"first","10":"instock","11":"shipping-taxable","12":"purchasable","13":"product-type-simple"},"_links":{"self":[{"href":"https:\/\/mcipropiedades.com.ar\/propiedades\/wp-json\/wp\/v2\/product\/7609","targetHints":{"allow":["GET"]}}],"collection":[{"href":"https:\/\/mcipropiedades.com.ar\/propiedades\/wp-json\/wp\/v2\/product"}],"about":[{"href":"https:\/\/mcipropiedades.com.ar\/propiedades\/wp-json\/wp\/v2\/types\/product"}],"wp:featuredmedia":[{"embeddable":true,"href":"https:\/\/mcipropiedades.com.ar\/propiedades\/wp-json\/wp\/v2\/media\/7613"}],"wp:attachment":[{"href":"https:\/\/mcipropiedades.com.ar\/propiedades\/wp-json\/wp\/v2\/media?parent=7609"}],"wp:term":[{"taxonomy":"product_brand","embeddable":true,"href":"https:\/\/mcipropiedades.com.ar\/propiedades\/wp-json\/wp\/v2\/product_brand?post=7609"},{"taxonomy":"product_cat","embeddable":true,"href":"https:\/\/mcipropiedades.com.ar\/propiedades\/wp-json\/wp\/v2\/product_cat?post=7609"},{"taxonomy":"product_tag","embeddable":true,"href":"https:\/\/mcipropiedades.com.ar\/propiedades\/wp-json\/wp\/v2\/product_tag?post=7609"}],"curies":[{"name":"wp","href":"https:\/\/api.w.org\/{rel}","templated":true}]}}